{"version":"1.0","provider_name":"San Nicolas Valley","provider_url":"https:\/\/sannicolasvalley.com\/es\/","author_name":"Mari Rivera","author_url":"https:\/\/sannicolasvalley.com\/es\/author\/mrivera\/","title":"Expointernacional Equina Feria de las Flores - San Nicolas Valley","type":"rich","width":600,"height":338,"html":"<blockquote class=\"wp-embedded-content\" data-secret=\"Sns6VuI6SI\"><a href=\"https:\/\/sannicolasvalley.com\/es\/things-to-do\/expointernacional-equina-feria-de-las-flores\/\">Expointernacional Equina Feria de las Flores<\/a><\/blockquote><iframe sandbox=\"allow-scripts\" security=\"restricted\" src=\"https:\/\/sannicolasvalley.com\/es\/things-to-do\/expointernacional-equina-feria-de-las-flores\/embed\/#?secret=Sns6VuI6SI\" width=\"600\" height=\"338\" title=\"\u00abExpointernacional Equina Feria de las Flores\u00bb \u2014 San Nicolas Valley\" data-secret=\"Sns6VuI6SI\" frameborder=\"0\" marginwidth=\"0\" marginheight=\"0\" scrolling=\"no\" class=\"wp-embedded-content\"><\/iframe><script>\n\/*! This file is auto-generated *\/\n!function(d,l){\"use strict\";l.querySelector&&d.addEventListener&&\"undefined\"!=typeof URL&&(d.wp=d.wp||{},d.wp.receiveEmbedMessage||(d.wp.receiveEmbedMessage=function(e){var t=e.data;if((t||t.secret||t.message||t.value)&&!\/[^a-zA-Z0-9]\/.test(t.secret)){for(var s,r,n,a=l.querySelectorAll('iframe[data-secret=\"'+t.secret+'\"]'),o=l.querySelectorAll('blockquote[data-secret=\"'+t.secret+'\"]'),c=new RegExp(\"^https?:$\",\"i\"),i=0;i<o.length;i++)o[i].style.display=\"none\";for(i=0;i<a.length;i++)s=a[i],e.source===s.contentWindow&&(s.removeAttribute(\"style\"),\"height\"===t.message?(1e3<(r=parseInt(t.value,10))?r=1e3:~~r<200&&(r=200),s.height=r):\"link\"===t.message&&(r=new URL(s.getAttribute(\"src\")),n=new URL(t.value),c.test(n.protocol))&&n.host===r.host&&l.activeElement===s&&(d.top.location.href=t.value))}},d.addEventListener(\"message\",d.wp.receiveEmbedMessage,!1),l.addEventListener(\"DOMContentLoaded\",function(){for(var e,t,s=l.querySelectorAll(\"iframe.wp-embedded-content\"),r=0;r<s.length;r++)(t=(e=s[r]).getAttribute(\"data-secret\"))||(t=Math.random().toString(36).substring(2,12),e.src+=\"#?secret=\"+t,e.setAttribute(\"data-secret\",t)),e.contentWindow.postMessage({message:\"ready\",secret:t},\"*\")},!1)))}(window,document);\n\/\/# sourceURL=https:\/\/sannicolasvalley.com\/wp-includes\/js\/wp-embed.min.js\n<\/script>\n","thumbnail_url":"https:\/\/sannicolasvalley.com\/wp-content\/uploads\/2024\/01\/golfista.jpg","thumbnail_width":2560,"thumbnail_height":1150,"description":"Desde hace m\u00e1s de 60 a\u00f1os, Asdesilla ha desarrollado uno de los eventos del caballo criollo colombiano m\u00e1s importantes en el mundo, la Expointernacional Equina Feria de las Flores. Durante el mes de agosto tendr\u00e1s cinco d\u00edas de feria para disfrutar de las tradiciones, las flores y por supuesto de nuestro caballo. Es un evento [&hellip;]"}

Desde hace más de 60 años, Asdesilla ha desarrollado uno de los eventos del caballo criollo colombiano más importantes en el mundo, la Expointernacional Equina Feria de las Flores. Durante el mes de agosto tendrás cinco días de feria para disfrutar de las tradiciones, las flores y por supuesto de nuestro caballo. Es un evento [&hellip;]
