{"id":3338,"date":"2024-05-22T23:05:05","date_gmt":"2024-05-22T21:05:05","guid":{"rendered":"https:\/\/sannicolasvalley.com\/things-to-do\/expointernacional-equina-feria-de-las-flores\/"},"modified":"2024-05-22T23:05:05","modified_gmt":"2024-05-22T21:05:05","slug":"expointernacional-equina-feria-de-las-flores","status":"publish","type":"things-to-do","link":"https:\/\/sannicolasvalley.com\/es\/things-to-do\/expointernacional-equina-feria-de-las-flores\/","title":{"rendered":"Expointernacional Equina Feria de las Flores"},"content":{"rendered":"<p>Desde hace m\u00e1s de 60 a\u00f1os, Asdesilla ha desarrollado uno de los eventos del caballo criollo colombiano m\u00e1s importantes en el mundo, la Expointernacional Equina Feria de las Flores.<\/p>\n<p>Durante el mes de agosto tendr\u00e1s cinco d\u00edas de feria para disfrutar de las tradiciones, las flores y por supuesto de nuestro caballo.<\/p>\n<p>Es un evento que re\u00fane a m\u00e1s de 30.000 visitantes, tanto nacionales como internacionales. Adem\u00e1s de disfrutar de las competencias (de nuestros diferentes patrones de marcha), los asistentes tambi\u00e9n podr\u00e1n disfrutar de una variada gastronom\u00eda, participar en actividades recreativas y vivir grandes espect\u00e1culos musicales en vivo una vez finalizada la sentencia. <\/p>\n<p>Es un evento que resalta la belleza de los Caballos y enaltece la cultura colombiana. Es una oportunidad para que todos los aficionados disfruten de un espect\u00e1culo \u00fanico en el marco de una semana llena de flores y tradiciones. <\/p>\n<p>Asdesilla ama a tu caballo.<\/p>\n","protected":false},"author":17,"featured_media":2241,"template":"","types-of-things":[88],"class_list":["post-3338","things-to-do","type-things-to-do","status-publish","has-post-thumbnail","hentry","types-of-things-eventos-es"],"yoast_head":"<!-- This site is optimized with the Yoast SEO plugin v27.2 - https:\/\/yoast.com\/product\/yoast-seo-wordpress\/ -->\n<title>Expointernacional Equina Feria de las Flores - San Nicolas Valley<\/title>\n<meta name=\"robots\" content=\"index, follow, max-snippet:-1, max-image-preview:large, max-video-preview:-1\" \/>\n<link rel=\"canonical\" href=\"https:\/\/sannicolasvalley.com\/es\/things-to-do\/expointernacional-equina-feria-de-las-flores\/\" \/>\n<meta property=\"og:locale\" content=\"es_ES\" \/>\n<meta property=\"og:type\" content=\"article\" \/>\n<meta property=\"og:title\" content=\"Expointernacional Equina Feria de las Flores - San Nicolas Valley\" \/>\n<meta property=\"og:description\" content=\"Desde hace m\u00e1s de 60 a\u00f1os, Asdesilla ha desarrollado uno de los eventos del caballo criollo colombiano m\u00e1s importantes en el mundo, la Expointernacional Equina Feria de las Flores. Durante el mes de agosto tendr\u00e1s cinco d\u00edas de feria para disfrutar de las tradiciones, las flores y por supuesto de nuestro caballo. Es un evento [&hellip;]\" \/>\n<meta property=\"og:url\" content=\"https:\/\/sannicolasvalley.com\/es\/things-to-do\/expointernacional-equina-feria-de-las-flores\/\" \/>\n<meta property=\"og:site_name\" content=\"San Nicolas Valley\" \/>\n<meta property=\"article:publisher\" content=\"https:\/\/www.facebook.com\/profile.php?id=61562040794842\" \/>\n<meta property=\"og:image\" content=\"https:\/\/sannicolasvalley.com\/wp-content\/uploads\/2024\/01\/golfista.jpg\" \/>\n\t<meta property=\"og:image:width\" content=\"2560\" \/>\n\t<meta property=\"og:image:height\" content=\"1150\" \/>\n\t<meta property=\"og:image:type\" content=\"image\/jpeg\" \/>\n<meta name=\"twitter:card\" content=\"summary_large_image\" \/>\n<meta name=\"twitter:label1\" content=\"Tiempo de lectura\" \/>\n\t<meta name=\"twitter:data1\" content=\"1 minuto\" \/>\n<script type=\"application\/ld+json\" class=\"yoast-schema-graph\">{\"@context\":\"https:\/\/schema.org\",\"@graph\":[{\"@type\":\"WebPage\",\"@id\":\"https:\/\/sannicolasvalley.com\/es\/things-to-do\/expointernacional-equina-feria-de-las-flores\/\",\"url\":\"https:\/\/sannicolasvalley.com\/es\/things-to-do\/expointernacional-equina-feria-de-las-flores\/\",\"name\":\"Expointernacional Equina Feria de las Flores - San Nicolas Valley\",\"isPartOf\":{\"@id\":\"https:\/\/sannicolasvalley.com\/es\/#website\"},\"primaryImageOfPage\":{\"@id\":\"https:\/\/sannicolasvalley.com\/es\/things-to-do\/expointernacional-equina-feria-de-las-flores\/#primaryimage\"},\"image\":{\"@id\":\"https:\/\/sannicolasvalley.com\/es\/things-to-do\/expointernacional-equina-feria-de-las-flores\/#primaryimage\"},\"thumbnailUrl\":\"https:\/\/sannicolasvalley.com\/wp-content\/uploads\/jet-engine-forms\/17\/2024\/05\/WhatsApp-Image-2024-05-06-at-10.13.34_2392d8f6-7.jpg\",\"datePublished\":\"2024-05-22T21:05:05+00:00\",\"breadcrumb\":{\"@id\":\"https:\/\/sannicolasvalley.com\/es\/things-to-do\/expointernacional-equina-feria-de-las-flores\/#breadcrumb\"},\"inLanguage\":\"es\",\"potentialAction\":[{\"@type\":\"ReadAction\",\"target\":[\"https:\/\/sannicolasvalley.com\/es\/things-to-do\/expointernacional-equina-feria-de-las-flores\/\"]}]},{\"@type\":\"ImageObject\",\"inLanguage\":\"es\",\"@id\":\"https:\/\/sannicolasvalley.com\/es\/things-to-do\/expointernacional-equina-feria-de-las-flores\/#primaryimage\",\"url\":\"https:\/\/sannicolasvalley.com\/wp-content\/uploads\/jet-engine-forms\/17\/2024\/05\/WhatsApp-Image-2024-05-06-at-10.13.34_2392d8f6-7.jpg\",\"contentUrl\":\"https:\/\/sannicolasvalley.com\/wp-content\/uploads\/jet-engine-forms\/17\/2024\/05\/WhatsApp-Image-2024-05-06-at-10.13.34_2392d8f6-7.jpg\",\"width\":1600,\"height\":1200},{\"@type\":\"BreadcrumbList\",\"@id\":\"https:\/\/sannicolasvalley.com\/es\/things-to-do\/expointernacional-equina-feria-de-las-flores\/#breadcrumb\",\"itemListElement\":[{\"@type\":\"ListItem\",\"position\":1,\"name\":\"Home\",\"item\":\"https:\/\/sannicolasvalley.com\/es\/\"},{\"@type\":\"ListItem\",\"position\":2,\"name\":\"Things to do\",\"item\":\"https:\/\/sannicolasvalley.com\/es\/things-to-do\/\"},{\"@type\":\"ListItem\",\"position\":3,\"name\":\"Expointernacional Equina Feria de las Flores\"}]},{\"@type\":\"WebSite\",\"@id\":\"https:\/\/sannicolasvalley.com\/es\/#website\",\"url\":\"https:\/\/sannicolasvalley.com\/es\/\",\"name\":\"San Nicolas Valley\",\"description\":\"\",\"publisher\":{\"@id\":\"https:\/\/sannicolasvalley.com\/es\/#organization\"},\"potentialAction\":[{\"@type\":\"SearchAction\",\"target\":{\"@type\":\"EntryPoint\",\"urlTemplate\":\"https:\/\/sannicolasvalley.com\/es\/?s={search_term_string}\"},\"query-input\":{\"@type\":\"PropertyValueSpecification\",\"valueRequired\":true,\"valueName\":\"search_term_string\"}}],\"inLanguage\":\"es\"},{\"@type\":\"Organization\",\"@id\":\"https:\/\/sannicolasvalley.com\/es\/#organization\",\"name\":\"San Nicolas Valley\",\"url\":\"https:\/\/sannicolasvalley.com\/es\/\",\"logo\":{\"@type\":\"ImageObject\",\"inLanguage\":\"es\",\"@id\":\"https:\/\/sannicolasvalley.com\/es\/#\/schema\/logo\/image\/\",\"url\":\"https:\/\/sannicolasvalley.com\/wp-content\/uploads\/2024\/08\/Screenshot-2024-08-09-at-8.31.31\u202fPM.png\",\"contentUrl\":\"https:\/\/sannicolasvalley.com\/wp-content\/uploads\/2024\/08\/Screenshot-2024-08-09-at-8.31.31\u202fPM.png\",\"width\":1368,\"height\":1260,\"caption\":\"San Nicolas Valley\"},\"image\":{\"@id\":\"https:\/\/sannicolasvalley.com\/es\/#\/schema\/logo\/image\/\"},\"sameAs\":[\"https:\/\/www.facebook.com\/profile.php?id=61562040794842\",\"https:\/\/www.instagram.com\/sannicolasvalley\/\"]}]}<\/script>\n<!-- \/ Yoast SEO plugin. -->","yoast_head_json":{"title":"Expointernacional Equina Feria de las Flores - San Nicolas Valley","robots":{"index":"index","follow":"follow","max-snippet":"max-snippet:-1","max-image-preview":"max-image-preview:large","max-video-preview":"max-video-preview:-1"},"canonical":"https:\/\/sannicolasvalley.com\/es\/things-to-do\/expointernacional-equina-feria-de-las-flores\/","og_locale":"es_ES","og_type":"article","og_title":"Expointernacional Equina Feria de las Flores - San Nicolas Valley","og_description":"Desde hace m\u00e1s de 60 a\u00f1os, Asdesilla ha desarrollado uno de los eventos del caballo criollo colombiano m\u00e1s importantes en el mundo, la Expointernacional Equina Feria de las Flores. Durante el mes de agosto tendr\u00e1s cinco d\u00edas de feria para disfrutar de las tradiciones, las flores y por supuesto de nuestro caballo. Es un evento [&hellip;]","og_url":"https:\/\/sannicolasvalley.com\/es\/things-to-do\/expointernacional-equina-feria-de-las-flores\/","og_site_name":"San Nicolas Valley","article_publisher":"https:\/\/www.facebook.com\/profile.php?id=61562040794842","og_image":[{"width":2560,"height":1150,"url":"https:\/\/sannicolasvalley.com\/wp-content\/uploads\/2024\/01\/golfista.jpg","type":"image\/jpeg"}],"twitter_card":"summary_large_image","twitter_misc":{"Tiempo de lectura":"1 minuto"},"schema":{"@context":"https:\/\/schema.org","@graph":[{"@type":"WebPage","@id":"https:\/\/sannicolasvalley.com\/es\/things-to-do\/expointernacional-equina-feria-de-las-flores\/","url":"https:\/\/sannicolasvalley.com\/es\/things-to-do\/expointernacional-equina-feria-de-las-flores\/","name":"Expointernacional Equina Feria de las Flores - San Nicolas Valley","isPartOf":{"@id":"https:\/\/sannicolasvalley.com\/es\/#website"},"primaryImageOfPage":{"@id":"https:\/\/sannicolasvalley.com\/es\/things-to-do\/expointernacional-equina-feria-de-las-flores\/#primaryimage"},"image":{"@id":"https:\/\/sannicolasvalley.com\/es\/things-to-do\/expointernacional-equina-feria-de-las-flores\/#primaryimage"},"thumbnailUrl":"https:\/\/sannicolasvalley.com\/wp-content\/uploads\/jet-engine-forms\/17\/2024\/05\/WhatsApp-Image-2024-05-06-at-10.13.34_2392d8f6-7.jpg","datePublished":"2024-05-22T21:05:05+00:00","breadcrumb":{"@id":"https:\/\/sannicolasvalley.com\/es\/things-to-do\/expointernacional-equina-feria-de-las-flores\/#breadcrumb"},"inLanguage":"es","potentialAction":[{"@type":"ReadAction","target":["https:\/\/sannicolasvalley.com\/es\/things-to-do\/expointernacional-equina-feria-de-las-flores\/"]}]},{"@type":"ImageObject","inLanguage":"es","@id":"https:\/\/sannicolasvalley.com\/es\/things-to-do\/expointernacional-equina-feria-de-las-flores\/#primaryimage","url":"https:\/\/sannicolasvalley.com\/wp-content\/uploads\/jet-engine-forms\/17\/2024\/05\/WhatsApp-Image-2024-05-06-at-10.13.34_2392d8f6-7.jpg","contentUrl":"https:\/\/sannicolasvalley.com\/wp-content\/uploads\/jet-engine-forms\/17\/2024\/05\/WhatsApp-Image-2024-05-06-at-10.13.34_2392d8f6-7.jpg","width":1600,"height":1200},{"@type":"BreadcrumbList","@id":"https:\/\/sannicolasvalley.com\/es\/things-to-do\/expointernacional-equina-feria-de-las-flores\/#breadcrumb","itemListElement":[{"@type":"ListItem","position":1,"name":"Home","item":"https:\/\/sannicolasvalley.com\/es\/"},{"@type":"ListItem","position":2,"name":"Things to do","item":"https:\/\/sannicolasvalley.com\/es\/things-to-do\/"},{"@type":"ListItem","position":3,"name":"Expointernacional Equina Feria de las Flores"}]},{"@type":"WebSite","@id":"https:\/\/sannicolasvalley.com\/es\/#website","url":"https:\/\/sannicolasvalley.com\/es\/","name":"San Nicolas Valley","description":"","publisher":{"@id":"https:\/\/sannicolasvalley.com\/es\/#organization"},"potentialAction":[{"@type":"SearchAction","target":{"@type":"EntryPoint","urlTemplate":"https:\/\/sannicolasvalley.com\/es\/?s={search_term_string}"},"query-input":{"@type":"PropertyValueSpecification","valueRequired":true,"valueName":"search_term_string"}}],"inLanguage":"es"},{"@type":"Organization","@id":"https:\/\/sannicolasvalley.com\/es\/#organization","name":"San Nicolas Valley","url":"https:\/\/sannicolasvalley.com\/es\/","logo":{"@type":"ImageObject","inLanguage":"es","@id":"https:\/\/sannicolasvalley.com\/es\/#\/schema\/logo\/image\/","url":"https:\/\/sannicolasvalley.com\/wp-content\/uploads\/2024\/08\/Screenshot-2024-08-09-at-8.31.31\u202fPM.png","contentUrl":"https:\/\/sannicolasvalley.com\/wp-content\/uploads\/2024\/08\/Screenshot-2024-08-09-at-8.31.31\u202fPM.png","width":1368,"height":1260,"caption":"San Nicolas Valley"},"image":{"@id":"https:\/\/sannicolasvalley.com\/es\/#\/schema\/logo\/image\/"},"sameAs":["https:\/\/www.facebook.com\/profile.php?id=61562040794842","https:\/\/www.instagram.com\/sannicolasvalley\/"]}]}},"_links":{"self":[{"href":"https:\/\/sannicolasvalley.com\/es\/wp-json\/wp\/v2\/things-to-do\/3338","targetHints":{"allow":["GET"]}}],"collection":[{"href":"https:\/\/sannicolasvalley.com\/es\/wp-json\/wp\/v2\/things-to-do"}],"about":[{"href":"https:\/\/sannicolasvalley.com\/es\/wp-json\/wp\/v2\/types\/things-to-do"}],"author":[{"embeddable":true,"href":"https:\/\/sannicolasvalley.com\/es\/wp-json\/wp\/v2\/users\/17"}],"version-history":[{"count":0,"href":"https:\/\/sannicolasvalley.com\/es\/wp-json\/wp\/v2\/things-to-do\/3338\/revisions"}],"wp:featuredmedia":[{"embeddable":true,"href":"https:\/\/sannicolasvalley.com\/es\/wp-json\/wp\/v2\/media\/2241"}],"wp:attachment":[{"href":"https:\/\/sannicolasvalley.com\/es\/wp-json\/wp\/v2\/media?parent=3338"}],"wp:term":[{"taxonomy":"types-of-things","embeddable":true,"href":"https:\/\/sannicolasvalley.com\/es\/wp-json\/wp\/v2\/types-of-things?post=3338"}],"curies":[{"name":"wp","href":"https:\/\/api.w.org\/{rel}","templated":true}]}}

<p>Desde hace más de 60 años, Asdesilla ha desarrollado uno de los eventos del caballo criollo colombiano más importantes en el mundo, la Expointernacional Equina Feria de las Flores.</p>
<p>Durante el mes de agosto tendrás cinco días de feria para disfrutar de las tradiciones, las flores y por supuesto de nuestro caballo.</p>
<p>Es un evento que reúne a más de 30.000 visitantes, tanto nacionales como internacionales. Además de disfrutar de las competencias (de nuestros diferentes patrones de marcha), los asistentes también podrán disfrutar de una variada gastronomía, participar en actividades recreativas y vivir grandes espectáculos musicales en vivo una vez finalizada la sentencia. </p>
<p>Es un evento que resalta la belleza de los Caballos y enaltece la cultura colombiana. Es una oportunidad para que todos los aficionados disfruten de un espectáculo único en el marco de una semana llena de flores y tradiciones. </p>
<p>Asdesilla ama a tu caballo.</p>

<!-- This site is optimized with the Yoast SEO plugin v27.2 - https://yoast.com/product/yoast-seo-wordpress/ -->
<title>Expointernacional Equina Feria de las Flores - San Nicolas Valley</title>
<meta name="robots" content="index, follow, max-snippet:-1, max-image-preview:large, max-video-preview:-1" />
<link rel="canonical" href="https://sannicolasvalley.com/es/things-to-do/expointernacional-equina-feria-de-las-flores/" />
<meta property="og:locale" content="es_ES" />
<meta property="og:type" content="article" />
<meta property="og:title" content="Expointernacional Equina Feria de las Flores - San Nicolas Valley" />
<meta property="og:description" content="Desde hace más de 60 años, Asdesilla ha desarrollado uno de los eventos del caballo criollo colombiano más importantes en el mundo, la Expointernacional Equina Feria de las Flores. Durante el mes de agosto tendrás cinco días de feria para disfrutar de las tradiciones, las flores y por supuesto de nuestro caballo. Es un evento [&hellip;]" />
<meta property="og:url" content="https://sannicolasvalley.com/es/things-to-do/expointernacional-equina-feria-de-las-flores/" />
<meta property="og:site_name" content="San Nicolas Valley" />
<meta property="article:publisher" content="https://www.facebook.com/profile.php?id=61562040794842" />
<meta property="og:image" content="https://sannicolasvalley.com/wp-content/uploads/2024/01/golfista.jpg" />
	<meta property="og:image:width" content="2560" />
	<meta property="og:image:height" content="1150" />
	<meta property="og:image:type" content="image/jpeg" />
<meta name="twitter:card" content="summary_large_image" />
<meta name="twitter:label1" content="Tiempo de lectura" />
	<meta name="twitter:data1" content="1 minuto" />
<script type="application/ld+json" class="yoast-schema-graph">{"@context":"https://schema.org","@graph":[{"@type":"WebPage","@id":"https://sannicolasvalley.com/es/things-to-do/expointernacional-equina-feria-de-las-flores/","url":"https://sannicolasvalley.com/es/things-to-do/expointernacional-equina-feria-de-las-flores/","name":"Expointernacional Equina Feria de las Flores - San Nicolas Valley","isPartOf":{"@id":"https://sannicolasvalley.com/es/#website"},"primaryImageOfPage":{"@id":"https://sannicolasvalley.com/es/things-to-do/expointernacional-equina-feria-de-las-flores/#primaryimage"},"image":{"@id":"https://sannicolasvalley.com/es/things-to-do/expointernacional-equina-feria-de-las-flores/#primaryimage"},"thumbnailUrl":"https://sannicolasvalley.com/wp-content/uploads/jet-engine-forms/17/2024/05/WhatsApp-Image-2024-05-06-at-10.13.34_2392d8f6-7.jpg","datePublished":"2024-05-22T21:05:05+00:00","breadcrumb":{"@id":"https://sannicolasvalley.com/es/things-to-do/expointernacional-equina-feria-de-las-flores/#breadcrumb"},"inLanguage":"es","potentialAction":[{"@type":"ReadAction","target":["https://sannicolasvalley.com/es/things-to-do/expointernacional-equina-feria-de-las-flores/"]}]},{"@type":"ImageObject","inLanguage":"es","@id":"https://sannicolasvalley.com/es/things-to-do/expointernacional-equina-feria-de-las-flores/#primaryimage","url":"https://sannicolasvalley.com/wp-content/uploads/jet-engine-forms/17/2024/05/WhatsApp-Image-2024-05-06-at-10.13.34_2392d8f6-7.jpg","contentUrl":"https://sannicolasvalley.com/wp-content/uploads/jet-engine-forms/17/2024/05/WhatsApp-Image-2024-05-06-at-10.13.34_2392d8f6-7.jpg","width":1600,"height":1200},{"@type":"BreadcrumbList","@id":"https://sannicolasvalley.com/es/things-to-do/expointernacional-equina-feria-de-las-flores/#breadcrumb","itemListElement":[{"@type":"ListItem","position":1,"name":"Home","item":"https://sannicolasvalley.com/es/"},{"@type":"ListItem","position":2,"name":"Things to do","item":"https://sannicolasvalley.com/es/things-to-do/"},{"@type":"ListItem","position":3,"name":"Expointernacional Equina Feria de las Flores"}]},{"@type":"WebSite","@id":"https://sannicolasvalley.com/es/#website","url":"https://sannicolasvalley.com/es/","name":"San Nicolas Valley","description":"","publisher":{"@id":"https://sannicolasvalley.com/es/#organization"},"potentialAction":[{"@type":"SearchAction","target":{"@type":"EntryPoint","urlTemplate":"https://sannicolasvalley.com/es/?s={search_term_string}"},"query-input":{"@type":"PropertyValueSpecification","valueRequired":true,"valueName":"search_term_string"}}],"inLanguage":"es"},{"@type":"Organization","@id":"https://sannicolasvalley.com/es/#organization","name":"San Nicolas Valley","url":"https://sannicolasvalley.com/es/","logo":{"@type":"ImageObject","inLanguage":"es","@id":"https://sannicolasvalley.com/es/#/schema/logo/image/","url":"https://sannicolasvalley.com/wp-content/uploads/2024/08/Screenshot-2024-08-09-at-8.31.31 PM.png","contentUrl":"https://sannicolasvalley.com/wp-content/uploads/2024/08/Screenshot-2024-08-09-at-8.31.31 PM.png","width":1368,"height":1260,"caption":"San Nicolas Valley"},"image":{"@id":"https://sannicolasvalley.com/es/#/schema/logo/image/"},"sameAs":["https://www.facebook.com/profile.php?id=61562040794842","https://www.instagram.com/sannicolasvalley/"]}]}</script>
<!-- / Yoast SEO plugin. -->

Desde hace más de 60 años, Asdesilla ha desarrollado uno de los eventos del caballo criollo colombiano más importantes en el mundo, la Expointernacional Equina Feria de las Flores. Durante el mes de agosto tendrás cinco días de feria para disfrutar de las tradiciones, las flores y por supuesto de nuestro caballo. Es un evento [&hellip;]
